{"id":9901,"date":"2021-03-13T10:04:50","date_gmt":"2021-03-13T10:04:50","guid":{"rendered":"https:\/\/kreatortest.com\/pmf\/?page_id=9901"},"modified":"2022-10-04T21:10:35","modified_gmt":"2022-10-04T21:10:35","slug":"contact","status":"publish","type":"page","link":"https:\/\/pmf.unsa.ba\/eng\/contact\/","title":{"rendered":"Contact"},"content":{"rendered":"<div class=\"wpb-content-wrapper\"><p>[vc_row][vc_column width=&#8221;1\/2&#8221; css=&#8221;.vc_custom_1615631842332{margin-top: 70px !important;padding-right: 50px !important;padding-left: 35% !important;}&#8221;]<div class=\"qodef-section-title-holder  qodef-st-standard qodef-st-title-left qodef-st-normal-space \" >\n\t<div class=\"qodef-st-inner\">\n\t\t            <div class=\"qodef-label\" style=\"margin-bottom:9px\">\n                <span class=\"qodef-label-line\" ><\/span>\n                <span class=\"qodef-label-text\" >Faculty of Sciences<\/span>\n            <\/div>\n        \t\t\t<h2 class=\"qodef-st-title\" >\n\t\t\t\tContact\t\t\t<\/h2>\n\t\t        \t\t\t<\/div>\n<\/div>[vc_empty_space height=&#8221;33px&#8221;]<div class=\"qodef-iwt clearfix  qodef-iwt-icon-left qodef-iwt-icon-tiny\">\n\t<div class=\"qodef-iwt-icon\">\n\t\t\t\t\t\t\t\t\t    <span class=\"qodef-icon-shortcode qodef-normal   qodef-icon-tiny\"  >\n                    <span aria-hidden=\"true\" class=\"qodef-icon-font-elegant icon_pin_alt qodef-icon-element\" style=\"\" ><\/span>            <\/span>\n\t\t\t\t\t\t<\/div>\n\t<div class=\"qodef-iwt-content\" >\n\t\t        \t\t\t\t\t<p class=\"qodef-iwt-text\" style=\"margin-top: 0px\">Zmaja od Bosne 33-35, Sarajevo 71000, Bosna i Hercegovina<\/p>\n\t\t\t<\/div>\n<\/div>[vc_empty_space height=&#8221;27px&#8221;]<div class=\"qodef-iwt clearfix  qodef-iwt-icon-left qodef-iwt-icon-tiny\">\n\t<div class=\"qodef-iwt-icon\">\n\t\t\t\t\t<a itemprop=\"url\" href=\"tel:%20+38733723723\" target=\"_self\">\n\t\t\t\t\t\t\t\t\t    <span class=\"qodef-icon-shortcode qodef-normal   qodef-icon-tiny\"  >\n                    <span aria-hidden=\"true\" class=\"qodef-icon-font-elegant icon_mobile qodef-icon-element\" style=\"\" ><\/span>            <\/span>\n\t\t\t\t\t\t\t\t<\/a>\n\t\t\t<\/div>\n\t<div class=\"qodef-iwt-content\" >\n\t\t        \t\t\t\t\t<p class=\"qodef-iwt-text\" style=\"margin-top: 0px\">+387.33.723.723<\/p>\n\t\t\t<\/div>\n<\/div>[vc_empty_space height=&#8221;27px&#8221;]<div class=\"qodef-iwt clearfix  qodef-iwt-icon-left qodef-iwt-icon-tiny\">\n\t<div class=\"qodef-iwt-icon\">\n\t\t\t\t\t<a itemprop=\"url\" href=\"mailto:%20pmf@pmf.unsa.ba\" target=\"_self\">\n\t\t\t\t\t\t\t\t\t    <span class=\"qodef-icon-shortcode qodef-normal   qodef-icon-tiny\"  >\n                    <span aria-hidden=\"true\" class=\"qodef-icon-font-elegant icon_mail_alt qodef-icon-element\" style=\"\" ><\/span>            <\/span>\n\t\t\t\t\t\t\t\t<\/a>\n\t\t\t<\/div>\n\t<div class=\"qodef-iwt-content\" >\n\t\t        \t\t\t\t\t<p class=\"qodef-iwt-text\" style=\"margin-top: 2px\">pmf@pmf.unsa.ba<\/p>\n\t\t\t<\/div>\n<\/div>[\/vc_column][vc_column width=&#8221;1\/2&#8221; css=&#8221;.vc_custom_1615629945257{padding-top: 72px !important;padding-right: 35% !important;padding-bottom: 60px !important;padding-left: 50px !important;background-color: #f7f7f7 !important;}&#8221;][vc_column_text]<div id=\"quform-35f489\" class=\"quform quform-3 quform-support-page-caching\"><form id=\"quform-form-35f489\" class=\"quform-form quform-form-3\" action=\"\/eng\/wp-json\/wp\/v2\/pages\/9901#quform-35f489\" method=\"post\" enctype=\"multipart\/form-data\" novalidate=\"novalidate\" data-options=\"{&quot;id&quot;:3,&quot;uniqueId&quot;:&quot;35f489&quot;,&quot;theme&quot;:&quot;&quot;,&quot;ajax&quot;:true,&quot;logic&quot;:{&quot;logic&quot;:[],&quot;dependents&quot;:[],&quot;elementIds&quot;:[],&quot;dependentElementIds&quot;:[],&quot;animate&quot;:true},&quot;currentPageId&quot;:1,&quot;errorsIcon&quot;:&quot;&quot;,&quot;updateFancybox&quot;:true,&quot;hasPages&quot;:false,&quot;pages&quot;:[1],&quot;pageProgressType&quot;:&quot;numbers&quot;,&quot;tooltipsEnabled&quot;:true,&quot;tooltipClasses&quot;:&quot;qtip-quform-dark qtip-shadow&quot;,&quot;tooltipMy&quot;:&quot;left center&quot;,&quot;tooltipAt&quot;:&quot;right center&quot;,&quot;isRtl&quot;:false,&quot;scrollOffset&quot;:-50,&quot;scrollSpeed&quot;:800}\"><button class=\"quform-default-submit\" name=\"quform_submit\" type=\"submit\" value=\"submit\" aria-hidden=\"true\" tabindex=\"-1\"><\/button><div class=\"quform-form-inner quform-form-inner-3\"><input type=\"hidden\" name=\"quform_form_id\" value=\"3\" \/><input type=\"hidden\" name=\"quform_form_uid\" value=\"35f489\" \/><input type=\"hidden\" name=\"quform_count\" value=\"1\" \/><input type=\"hidden\" name=\"form_url\" value=\"https:\/\/pmf.unsa.ba\/eng\/wp-json\/wp\/v2\/pages\/9901\" \/><input type=\"hidden\" name=\"referring_url\" value=\"\" \/><input type=\"hidden\" name=\"post_id\" value=\"\" \/><input type=\"hidden\" name=\"post_title\" value=\"\" \/><input type=\"hidden\" name=\"quform_current_page_id\" value=\"1\" \/><input type=\"hidden\" name=\"quform_csrf_token\" value=\"06bos0vp1FAackIk4jKvAe18hogWY93jERTcK3fC\" \/><div class=\"quform-elements quform-elements-3 quform-cf quform-responsive-elements-phone-landscape\"><div class=\"quform-element quform-element-page quform-page-1 quform-page-3_1 quform-cf quform-group-style-plain quform-first-page quform-last-page quform-current-page\"><div class=\"quform-child-elements\"><div class=\"quform-element quform-element-text quform-element-3_3 quform-cf quform-element-required\"><div class=\"quform-spacer\"><div class=\"quform-label quform-label-3_3\"><label class=\"quform-label-text\" for=\"quform_3_3_35f489\">Ime i prezime<span class=\"quform-required\">*<\/span><\/label><\/div><div class=\"quform-inner quform-inner-text quform-inner-3_3\"><div class=\"quform-input quform-input-text quform-input-3_3 quform-cf\"><input type=\"text\" id=\"quform_3_3_35f489\" name=\"quform_3_3\" class=\"quform-field quform-field-text quform-field-3_3\" \/><\/div><\/div><\/div><\/div><div class=\"quform-element quform-element-email quform-element-3_6 quform-cf quform-element-required\"><div class=\"quform-spacer\"><div class=\"quform-label quform-label-3_6\"><label class=\"quform-label-text\" for=\"quform_3_6_35f489\">Email adresa<span class=\"quform-required\">*<\/span><\/label><\/div><div class=\"quform-inner quform-inner-email quform-inner-3_6\"><div class=\"quform-input quform-input-email quform-input-3_6 quform-cf\"><input type=\"email\" id=\"quform_3_6_35f489\" name=\"quform_3_6\" class=\"quform-field quform-field-email quform-field-3_6\" \/><\/div><\/div><\/div><\/div><div class=\"quform-element quform-element-text quform-element-3_5 quform-cf quform-element-optional\"><div class=\"quform-spacer\"><div class=\"quform-label quform-label-3_5\"><label class=\"quform-label-text\" for=\"quform_3_5_35f489\">Broj telefona<\/label><\/div><div class=\"quform-inner quform-inner-text quform-inner-3_5\"><div class=\"quform-input quform-input-text quform-input-3_5 quform-cf\"><input type=\"text\" id=\"quform_3_5_35f489\" name=\"quform_3_5\" class=\"quform-field quform-field-text quform-field-3_5\" \/><\/div><\/div><\/div><\/div><div class=\"quform-element quform-element-textarea quform-element-3_4 quform-cf quform-element-optional\"><div class=\"quform-spacer\"><div class=\"quform-label quform-label-3_4\"><label class=\"quform-label-text\" for=\"quform_3_4_35f489\">Poruka<\/label><\/div><div class=\"quform-inner quform-inner-textarea quform-inner-3_4\"><div class=\"quform-input quform-input-textarea quform-input-3_4 quform-cf\"><textarea id=\"quform_3_4_35f489\" name=\"quform_3_4\" class=\"quform-field quform-field-textarea quform-field-3_4\"><\/textarea><\/div><\/div><\/div><\/div><div class=\"quform-element quform-element-captcha quform-element-3_8 quform-cf quform-element-required\"><div class=\"quform-spacer\"><div class=\"quform-label quform-label-3_8\"><label class=\"quform-label-text\" for=\"quform_3_8_35f489\">Molimo Vas da unesete tekst koji vidite ispod<span class=\"quform-required\">*<\/span><\/label><\/div><div class=\"quform-inner quform-inner-captcha quform-inner-3_8\"><div class=\"quform-input quform-input-captcha quform-input-3_8 quform-cf\"><input type=\"text\" id=\"quform_3_8_35f489\" name=\"quform_3_8\" class=\"quform-field quform-field-captcha quform-field-3_8\" \/><\/div><div class=\"quform-captcha quform-cf\"><div class=\"quform-captcha-image quform-captcha-image-3_8\"><img loading=\"lazy\" decoding=\"async\" class=\"quform-captcha-image-img\" src=\"data:image\/png;base64,iVBORw0KGgoAAAANSUhEUgAAAOYAAABQBAMAAAD\/1xTgAAAAG1BMVEX\/\/\/8iIiLj4+OsrKzHx8c9PT10dHRZWVmQkJDia5GOAAAACXBIWXMAAA7EAAAOxAGVKw4bAAADn0lEQVRoge1Yz1fTQBBuNz+aI1NMyzEBFY4EETimgOKRIAjHVhQ9NojAkVCFf9vZSbvZTSBpfLyi7+136EuX3flmZr+ZSWk0NDQ0NDQ0NDQ0NP5ZLN19mTVlAuDOmhMQ3jNwhjPmTI4BVulp82J2rAO4Me++XcXFe33\/071cq22PbVxdhxV7Euj7QMj94S0t1lY1qhK6FaQBDAOy3lHXl1NH4KYeZYsOvZCXWCFZPdjncbrrnrLMojFntx5nDCe7G2otvCpUhg9tYxSpniHeId3p9gdkHtahNKDrUe6ktahgool09kS8AjzMc7IBC3U4W9DGT1sOAU20c7ssmMd7zxu2J\/cb1OsZTejjpymLo1V024YF9KSfWw3GOeXxhjU4fdIckwvPL7ZXBzq9Ym1G4\/AcKKS9grNPnFLhJZ1B3m0D3KgQp7hGu7w3svXcQhP20+OeWIrme3nz5kMVYQHss91tOl02dyzoqB61UB10XHAyaKeOyK4i41a+IvAOzjD67i22xsMSzl7eJYzgtmHGEqcDQ5sckcHTmFBZZUjGDQEuzJHXeBzICTtvQvXkkdJILezn+R6HculzqRzIa\/GEs6L1mV\/zTZmLDhWSRe+jHqJ8vcXcbgLu6mK2RgfPvk7R+lLPzrOF1xF016TAEpfPrrXfyhUlXFXkngiV64one6Wy9RkppyviuL9hi7iaXWDUSa9ASW8Ah1seJXNettTnD8tVrQ+bTPdM8sym\/VbW7RhaZXxwyXHucLof5K0w7wg5xhWtz+chGpFwt0lGBpkMHGivEIPqKOIj1ai0cWLEr1BRQBH5InNYsF5jTyogC1xKvuooxzC+Xpck5IhRgC7l6llFTHfgCKnxHhLJRUD2TyIIWSj5gQF+91RLeHJOsM+Vcaad0cjkTZUtFXtApZTAdZTJil2OtguWzGk5jTRpdqZKhgX2KQsJJdtdTYVbNYdFbu1yzjGZJc9o5sk7nFP8ypshfK7gHEw0ZJUXaDMl65VfgBmpsT8MMVGDMt2aXi9V2KAw8xWgEKd4YW+NewKLyuoz7qayxX5aOtcN97aakg84N2zQ219+JGSgybuaPkxhsxKYU3e0uwm5eaPAmDQSp8SxGjDEMPMe33RPTZp5VmEm\/x0mPx3OyzbxTroQuEm5bKfHHlGelG9im3DAa6\/Wu34Jlu6Pjn9V7npJY3AqYT4hlgtzYwYwBs\/wj5DGRr0fUk8DM5w9p4aGhoaGxn+EP4DiiMR0wnhaAAAAAElFTkSuQmCC\" alt=\"CAPTCHA image\" data-element-id=\"8\" width=\"115\" height=\"40\" \/><\/div><\/div><p class=\"quform-description quform-description-below\">Hvala Vam \u0161to se zajedni\u010dki \u0161titimo od spam poruka<\/p><\/div><\/div><\/div><div class=\"quform-element quform-element-submit quform-element-3_2 quform-cf quform-button-style-theme\"><div class=\"quform-button-submit quform-button-submit-default quform-button-submit-3_2\"><button name=\"quform_submit\" type=\"submit\" class=\"quform-submit\" value=\"submit\"><span class=\"quform-button-text quform-button-submit-text\">Po\u0161alji poruku<\/span><\/button><\/div><div class=\"quform-loading quform-loading-position-left quform-loading-type-spinner-1\"><div class=\"quform-loading-inner\"><div class=\"quform-loading-spinner\"><div class=\"quform-loading-spinner-inner\"><\/div><\/div><\/div><\/div><\/div><div class=\"quform-element-tree\"><label for=\"quform_3_0_35f489\">This field should be left blank<\/label><input type=\"text\" id=\"quform_3_0_35f489\" name=\"quform_3_0\" class=\"quform-field quform-field-tree quform-field-3_0\" tabindex=\"-1\" autocomplete=\"off\" \/><\/div><\/div><\/div><\/div><\/div><\/form><\/div>[\/vc_column_text][\/vc_column][\/vc_row][vc_row][vc_column][vc_column_text]<iframe loading=\"lazy\" style=\"border: 0;\" tabindex=\"0\" src=\"https:\/\/www.google.com\/maps\/embed?pb=!1m18!1m12!1m3!1d2877.0776274484256!2d18.392502615888755!3d43.85421967911499!2m3!1f0!2f0!3f0!3m2!1i1024!2i768!4f13.1!3m3!1m2!1s0x4758c9226fcbf2c3%3A0xd068ac74a4ee2826!2sFaculty%20of%20Science!5e0!3m2!1sen!2sba!4v1607891268633!5m2!1sen!2sba\" width=\"100%\" height=\"450\" frameborder=\"0\" allowfullscreen=\"allowfullscreen\" aria-hidden=\"false\"><\/iframe>[\/vc_column_text][\/vc_column][\/vc_row]<\/p>\n<\/div>","protected":false},"excerpt":{"rendered":"<p>[vc_row][vc_column width=&#8221;1\/2&#8221; css=&#8221;.vc_custom_1615631842332{margin-top: 70px !important;padding-right: 50px !important;padding-left: 35% !important;}&#8221;][vc_empty_space height=&#8221;33px&#8221;][vc_empty_space [&hellip;]<\/p>\n","protected":false},"author":1,"featured_media":0,"parent":0,"menu_order":0,"comment_status":"closed","ping_status":"closed","template":"full-width.php","meta":{"footnotes":""},"class_list":["post-9901","page","type-page","status-publish","hentry"],"_links":{"self":[{"href":"https:\/\/pmf.unsa.ba\/eng\/wp-json\/wp\/v2\/pages\/9901","targetHints":{"allow":["GET"]}}],"collection":[{"href":"https:\/\/pmf.unsa.ba\/eng\/wp-json\/wp\/v2\/pages"}],"about":[{"href":"https:\/\/pmf.unsa.ba\/eng\/wp-json\/wp\/v2\/types\/page"}],"author":[{"embeddable":true,"href":"https:\/\/pmf.unsa.ba\/eng\/wp-json\/wp\/v2\/users\/1"}],"replies":[{"embeddable":true,"href":"https:\/\/pmf.unsa.ba\/eng\/wp-json\/wp\/v2\/comments?post=9901"}],"version-history":[{"count":18,"href":"https:\/\/pmf.unsa.ba\/eng\/wp-json\/wp\/v2\/pages\/9901\/revisions"}],"predecessor-version":[{"id":15009,"href":"https:\/\/pmf.unsa.ba\/eng\/wp-json\/wp\/v2\/pages\/9901\/revisions\/15009"}],"wp:attachment":[{"href":"https:\/\/pmf.unsa.ba\/eng\/wp-json\/wp\/v2\/media?parent=9901"}],"curies":[{"name":"wp","href":"https:\/\/api.w.org\/{rel}","templated":true}]}}